= q**3 + 9*q**2 - 6*q - 5. Let u(w) = -w**2 - w - 7. Let a be u(0). Let o be l(a). Let s = -58 - -73. Calculate the greatest common factor of o and s.
15
Let i be (-145)/(-3)*(-6 + 1 - -14). What is the greatest common divisor of 15 and i?
15
Let s = -21 - -24. Let v be (-3)/s + 24 - 2. Let p be ((-24)/v)/((-4)/14). What is the highest common factor of 28 and p?
4
Let y(s) = s**3 + 5*s**2 + 3*s + 2. Let x be y(-4). Suppose -2*m - 4*r + 14 = 0, -m + 0*r + x = r. Calculate the greatest common divisor of 20 and m.
5
Let d(f) = 2*f**2 - 5*f + 17. Let m be d(4). Calculate the highest common divisor of 377 and m.
29
Let u(l) = -l**3 - l**2 - 5*l - 3. Let f be u(-3). Let c be (18/5)/(f/100). Let w = 0 + c. Calculate the greatest common factor of 8 and w.
4
Let j(f) = f**3 + 13*f**2 + f + 10. Let d be j(-8). Suppose -8*y = -318 - d. What is the highest common factor of y and 16?
16
Let h(z) = z**3 + 9*z**2 + z - 7. Let u be h(-6). Let j(b) = 9*b**2 + 48*b + 2. Let o be j(-6). Calculate the greatest common divisor of o and u.
19
Let h(t) = t**2 + 3*t. Let s be (-26)/(-6) + 5/(-15). Suppose -s*i + 1 - 25 = 0. Let u be h(i). What is the greatest common factor of 9 and u?
9
Let l(u) = 179*u**2 + 14*u - 3. Let o be l(3). Let r be (1/3)/(5/o). Calculate the highest common divisor of r and 275.
55
Let l be 23*3 - (-11 + 15 + -1). Calculate the highest common divisor of 44 and l.
22
Let f = -1151 + 1186. What is the greatest common divisor of 49 and f?
7
Let u be 4/(-6)*(-1848)/176. Calculate the highest common divisor of u and 581.
7
Suppose -4*c + 3 = -13. Let x be (54/c)/((-1)/(-6)). What is the highest common factor of x and 54?
27
Let z(r) = -4*r + 13. Let c be z(2). Suppose -91 = -5*h - n + 108, h + 4*n - 36 = 0. What is the highest common divisor of h and c?
5
Let n be (-2)/((-16)/12 + 1). Suppose -n*o = -o - 130. What is the highest common factor of 26 and o?
26
Let p(o) = 70*o**3 + 2*o**2 + 6*o - 8. Let y be p(2). Calculate the greatest common divisor of y and 208.
52
Let c(w) = 4*w**2 + 3. Let f be c(-12). Let g = f - 293. Calculate the greatest common divisor of 26 and g.
26
Let a(b) = b**3 + 21*b**2 + 38*b + 3. Let g be a(-19). What is the greatest common divisor of 9 and g?
3
Suppose -4*c - 36 = 2*f, 5*f - 2*f - 2*c = -22. Let t be (-1)/((-5)/6 - -1). Let x = t - f. What is the greatest common divisor of 44 and x?
4
Let t(s) = -7*s + 3. Let r be t(-3). Suppose -w - 2*h + 306 = 0, -w + 3*h + 619 = w. Let z = -212 + w. What is the highest common divisor of r and z?
24
Suppose -w = 3*g + 3*w - 8, -2*g - 10 = -5*w. Suppose g*s - 2*s = 26. Let v be (-1)/(-1*(-1)/s). Calculate the greatest common divisor of 65 and v.
13
Suppose 4*t - 4*j = -j - 5, -4*j = t - 13. Let a(l) = -l. Let f be a(t). Let k = f - -16. What is the greatest common divisor of k and 75?
15
Suppose -5*n = -6*n + 2. Suppose 0 = 2*c - 4*c + 16. Suppose 3*b - n*g = -0*g + c, -2*b + 14 = 3*g. What is the highest common divisor of 8 and b?
4
Let u = 19 + -16. Suppose 3*n = 0, -x + 2 = -u*n - 3. Let o = 5 - 3. What is the highest common divisor of o and x?
1
Let k be 2*(-4)/40 - (-1262)/10. Suppose 85*c - 91*c + k = 0. Calculate the highest common factor of c and 42.
21
Let p(g) = 0*g - g**2 - 4 + 0*g**2 - 7*g. Let a be p(-6). Suppose 36 = -a*b + 5*b. What is the greatest common factor of 84 and b?
12
Suppose -39*u - 249 = -5*d - 37*u, 0 = 4*d + 3*u - 190. Calculate the highest common divisor of d and 77.
7
Let s = 158 - 104. What is the greatest common factor of s and 9?
9
Let d(t) = -t + 17. Let q be d(14). Suppose q*i = 2*o + 94, 5*o - 3 = -6*i + 5*i. Let l be 5/7 + 8/i. What is the highest common factor of l and 1?
1
Let f be (-23)/69 - (-75)/9. Calculate the greatest common divisor of f and 2.
2
Let v be (-8)/(-36) - 364/(-63). Let f be (-6 - 66)/(-1 - 0). Suppose 24 + f = 4*t. Calculate the greatest common divisor of v and t.
6
Suppose -6*l + l = 0, s + 3*l = 210. What is the highest common divisor of 70 and s?
70
Let z = -172 + 174. Suppose 6 = x - r, -5*x + 0*r = 4*r - 57. Suppose 3*s + 5*h - 13 = 0, 0 = -s + 3*h + 2*h - x. What is the highest common factor of z and s?
1
Suppose -3 = -5*q - 18. Let b be (5 + (q - 1))*11. Calculate the greatest common factor of b and 77.
11
Suppose 0*j - 5*j + 125 = 5*k, -5*j = 3*k - 123. Let f = -284 + 452. What is the highest common divisor of f and j?
24
Suppose 2*m = -3*y - 1436, 1578 = -4*y - m - 330. Let h be 2/3 + y/(-6). Let t = h + -41. What is the greatest common factor of 13 and t?
13
Let l = -288 + 536. What is the greatest common factor of l and 8?
8
Suppose -l + 4*c = -6, 7 = l + 5*c - 8. Let i be (-585)/(-20)*(l - 2). What is the highest common factor of i and 26?
26
Let n(x) = 2*x**3 + 20*x**2 + 3*x - 2. Let i be n(-2). What is the greatest common divisor of i and 8?
8
Let g = 5 + 25. Let h = 1 - 3. Let u(t) = -7*t + 1. Let o be u(h). Calculate the greatest common factor of g and o.
15
Let d = -10 + 13. Let g be (-218)/(-4) - d/(-2). Calculate the highest common factor of g and 140.
28
Let b(o) = 61*o - 6. Let l be b(4). Suppose -81*s = -58*s - 782. What is the highest common divisor of l and s?
34
Let a be 6 + 3/((45/(-10))/3). Let o(w) = -w**2 - w + 32. Let m be o(0). What is the greatest common factor of m and a?
4
Let f = -165 + 313. Calculate the greatest common divisor of f and 4.
4
Let j be (-12)/54*(-68 + -31). Calculate the highest common divisor of j and 946.
22
Suppose -8*j + 7*j + 1 = 0. Let b be (-1)/(j + 37/(-36)). What is the highest common factor of b and 12?
12
Let b be 878/8 - (-1225)/(-700). Let w be (-3)/(-1) - (0 - 6). What is the greatest common factor of b and w?
9
Let i be ((-8)/(-3))/((-5553)/(-5535) + -1). What is the highest common factor of i and 40?
20
Let k(q) = -4*q**2 - 10*q + 34. Let a(j) = -j**2 - 3*j + 11. Let i(p) = 7*a(p) - 2*k(p). Let s be i(0). Calculate the highest common divisor of 45 and s.
9
Suppose 4*u - 32 = -2*a, -5*u + u = -5*a + 24. Let y(i) = 0 + 3 - 10*i**2 - a*i + 9*i**2. Let g be y(-6). Calculate the highest common factor of g and 10.
5
Let v = -563 - -678. What is the greatest common factor of v and 23?
23
Let o(f) = -7*f - 24. Let v be o(-6). Suppose s = 4*u + 80, -5*u - 7 = v. What is the highest common factor of s and 20?
20
Let n(s) = 25*s**2 - s + 2. Let j be n(4). Let f = -70 + j. What is the greatest common factor of 41 and f?
41
Let d be (-1 - -4)/9*6. Suppose d*u - 4*u + 98 = 0. Let r be ((-126)/u)/(2/(-28)). What is the greatest common divisor of r and 72?
36
Let m = -147 - -557. What is the highest common divisor of m and 10?
10
Suppose 8*d + 18 = 5*d. Let o be (6/1)/((-9)/d). Suppose 2*m - 18 = -o*m. What is the highest common factor of m and 6?
3
Let n(t) = -t**2 - 4*t + 13. Let q be n(-6). Suppose 2*v - 5*r - 37 = 0, 47 = 5*v + 3*r + q. Let o = -25 - -47. Calculate the greatest common factor of o and v.
11
Suppose 0 = -2*l + 11 + 15. Let r = 41 + -39. Let d be (-3)/(((-4)/52)/(r - 1)). Calculate the greatest common factor of d and l.
13
Let a(q) = -3 + 4 + 4 - 4*q + 4. Let p be a(3). Let j be 4/(-3 + (-10)/p). What is the greatest common factor of j and 48?
12
Let s(u) = u**2 + u - 1. Let h(r) = -21*r**2 + r - 4. Let d(b) = -h(b) + 2*s(b). Let i be d(-1). Calculate the greatest common divisor of 3 and i.
3
Let l be (-3)/(-15) - 118/(-10). Let t(u) = u + 9. Let m be t(3). Calculate the greatest common divisor of l and m.
12
Let s(y) = -y**3 - 16*y**2 + 18*y + 22. Let g be s(-17). Suppose -t + 9 = g. Calculate the greatest common factor of 36 and t.
4
Let l be 1*(-1 + 1/1). Let a be (-1 - l)*161 + -2. Let r = a - -280. What is the greatest common divisor of 13 and r?
13
Suppose 68*x - 72*x = -520. Calculate the highest common divisor of x and 195.
65
Let n(i) = -i**3 - 10*i**2 - 2*i - 13. Let s be n(-10). Let j = 18 - s. Let o(t) = t - 6. Let d be o(j). What is the highest common factor of d and 45?
5
Let i be 23 + (-12)/3 - 4. Suppose -3*a = -s + 18, 8 + i = s - 2*a. Let g be 9 + (-1 - 3/(-1)). Calculate the greatest common factor of s and g.
11
Suppose -2*l - l + 54 = 0. Let g be (-4 + -1)*7452/(-230). What is the greatest common factor of g and l?
18
Let n = -428 - -544. What is the highest common factor of 4 and n?
4
Let y(z) = z + 72. Let x be y(3). What is th